s 82596397 a composite number?
True
Is 184960616083 prime?
True
Is 26420531 composite?
True
Is 19261943185 a prime number?
False
Is 769252037 a prime number?
False
Is 2988483013 composite?
False
Is 74354791933 prime?
True
Is 78984151 a composite number?
True
Is 112835234 prime?
False
Is 70700027 a composite number?
False
Is 17894289121 a prime number?
False
Is 19487126507 a prime number?
False
Is 1734474353 a composite number?
False
Is 1283742059 a prime number?
True
Is 31411043957 prime?
True
Is 44113237 a prime number?
False
Is 703439423 prime?
True
Is 10107821861 a composite number?
False
Is 38212452163 prime?
True
Is 425201317 a prime number?
False
Is 167159996447 composite?
False
Is 4042472359 prime?
True
Is 980163631 composite?
True
Is 82101439 prime?
False
Is 25403273477 a composite number?
False
Is 120282997477 prime?
True
Is 89455986317 prime?
False
Is 195270017 composite?
False
Is 3576205861 prime?
True
Is 138259259 a composite number?
False
Is 30283299937 composite?
True
Is 15667302727 composite?
False
Is 89449307657 a composite number?
True
Is 11648778017 a composite number?
True
Is 9804919 a prime number?
False
Is 7764144347 a composite number?
True
Is 34774514471 a composite number?
False
Is 4251995227 prime?
True
Is 12862495253 composite?
True
Is 20583424409 a prime number?
True
Is 2170196981 composite?
False
Is 36354536643 prime?
False
Is 580924787 composite?
True
Is 633802997 a composite number?
True
Is 19702162381 a composite number?
True
Is 982660559 composite?
False
Is 1655999 a composite number?
False
Is 762238543 prime?
False
Is 6224794547 a composite number?
True
Is 474802817 a composite number?
True
Is 35579507 a prime number?
True
Is 3236961407 prime?
True
Is 1756332359 prime?
True
Is 91239343007 composite?
False
Is 48314579741 composite?
False
Is 9454287221 a composite number?
False
Is 12756693511 a composite number?
True
Is 1029955727 composite?
True
Is 1020395389 composite?
True
Is 5046263693 prime?
False
Is 1642365302 composite?
True
Is 105666946919 composite?
False
Is 1019252071 a prime number?
True
Is 429150559 a composite number?
False
Is 372703949 prime?
False
Is 11081110519 a prime number?
True
Is 28289071243 a prime number?
True
Is 140575321 prime?
False
Is 14370935237 a composite number?
True
Is 5781485747 prime?
False
Is 3294382613 composite?
True
Is 39260269067 a prime number?
False
Is 2551951195 prime?
False
Is 96776543519 a prime number?
False
Is 18602733661 a composite number?
True
Is 11679170137 a composite number?
False
Is 7148835821 a prime number?
False
Is 6793177499 composite?
False
Is 4224457781 a prime number?
True
Is 432727153 a prime number?
False
Is 44608063 a composite number?
True
Is 1229586637 prime?
True
Is 39577366 prime?
False
Is 1470033713 a prime number?
True
Is 122009131 composite?
False
Is 31147342773 composite?
True
Is 10783826999 a prime number?
False
Is 828340757 composite?
False
Is 5643319103 prime?
False
Is 38394303463 prime?
False
Is 758480677 prime?
True
Is 1178071051 prime?
True
Is 11289402167 a prime number?
True
Is 576874069 prime?
True
Is 74311901011 prime?
False
Is 7277296361 prime?
False
Is 500437727 composite?
False
Is 235280117 a composite number?
True
Is 4349232731 a prime number?
False
Is 7706864713 a prime number?
True
Is 119602081 a prime number?
True
Is 38895522131 a composite number?
False
Is 1877184409 a prime number?
True
Is 11767711183 composite?
True
Is 4514798089 prime?
False
Is 2364450173 composite?
False
Is 12593464197 a prime number?
False
Is 642099727 composite?
True
Is 237691885721 composite?
True
Is 13371541229 a prime number?
False
Is 99380198537 prime?
True
Is 1017465829 a prime number?
True
Is 478346599 a composite number?
False
Is 3269708587 composite?
True
Is 88831415417 composite?
False
Is 3745466443 composite?
False
Is 6351837823 a prime number?
False
Is 1484260507 a prime number?
True
Is 730204771 a prime number?
True
Is 10439839829 a composite number?
False
Is 6782734619 a prime number?
False
Is 37579464031 composite?
False
Is 3760488709 composite?
False
Is 2265853547 prime?
True
Is 442203859 prime?
True
Is 430436687 a composite number?
True
Is 4279555567 a prime number?
False
Is 12904830545 a prime number?
False
Is 908550031 composite?
False
Is 1104339919 prime?
True
Is 94725158989 a prime number?
True
Is 113017476445 a prime number?
False
Is 10397161679 prime?
False
Is 13566866263 a prime number?
False
Is 2716782821 composite?
False
Is 289831943 a composite number?
False
Is 524339213 a prime number?
True
Is 445229 composite?
False
Is 4441954511 a prime number?
False
Is 1478205649 a prime number?
True
Is 17816803 prime?
False
Is 9716764241 a composite number?
False
Is 23438434819 prime?
True
Is 2296302907 prime?
True
Is 79394911 composite?
False
Is 5428707257 a composite number?
True
Is 53697806051 a composite number?
True
Is 7221542381 prime?
True
Is 78343874087 composite?
False
Is 118761859 a composite number?
False
Is 3472151603 a prime number?
True
Is 9860821519 a composite number?
False
Is 3061283459 prime?
False
Is 2930453303 prime?
False
Is 1682039057 a prime number?
False
Is 736449263 a composite number?
True
Is 1097055593 prime?
True
Is 32028959 prime?
False
Is 1400377481 a composite number?
False
Is 7210186213 composite?
False
Is 697574849 a prime number?
True
Is 299097933385 a prime number?
False
Is 37983717115 a composite number?
True
Is 136097879 prime?
False
Is 249621499 composite?
True
Is 2274904109 composite?
False
Is 1160810503 a prime number?
True
Is 108364547 a composite number?
True
Is 4134904831 prime?
True
Is 856140781 prime?
False
Is 184576303 prime?
False
Is 42247282499 composite?
False
Is 8291193601 composite?
True
Is 18722681251 composite?
False
Is 5824051367 prime?
True
Is 3151143469 composite?
False
Is 1393523083 a prime number?
True
Is 278466997 prime?
True
Is 106991879 a prime number?
True
Is 573288913 a composite number?
False
Is 697885469 a prime number?
False
Is 1073115943 prime?
True
Is 2872410071 prime?
True
Is 84266783 a prime number?
True
Is 727941967 a prime number?
True
Is 6015658697 a composite number?
True
Is 1940588879 composite?
True
Is 2363870713 prime?
True
Is 867296413 a composite number?
True
Is 106253627167 a prime number?
True
Is 30817812035 a prime number?
False
Is 2066610937 a prime number?
True
Is 1631846519 a composite number?
True
Is 2143802693 a composite number?
False
Is 169281337 composite?
False
Is 2390476861 prime?
False
Is 13010758627 a prime number?
True
Is 6379672259 composite?
False
Is 3392123611 composite?
True
Is 3498304807 a composite number?
True
Is 14677829123 a composite number?
False
Is 15280841281 prime?
False
Is 12741898033 a prime number?
True
Is 522850849 prime?
False
Is 4092293177 a prime number?
False
Is 876772489 a prime number?
False
Is 8852427719 a prime number?
True
Is 7587151691 a prime number?
False
Is 36174197951 composite?
True
Is 40095964367 composite?
False
Is 74610688567 a composite number?
False
Is 155194201 a prime number?
True
Is 2990559877 composite?
True
Is 2946384451 a prime number?
True
Is 74368605947 a composite number?
True
Is 1409611537 a prime number?
True
Is 135729785635 a prime number?
False
Is 14742510799 a prime number?
False
Is 27723758885 prime?
False
Is 154367177 composite?
False
Is 2817835099 a prime number?
False
Is 725154901 composite?
True
Is 6802068253 a composite number?
False
Is 72091241 a prime number?
False
Is 2226241337 a composite number?
True
Is 5413121393 a composite number?
True
Is 4544550849 composite?
True
Is 3491231039 a composite number?
False
Is 95546561717 a prime number?
True
Is 2787805543 a composite number?
False
Is 828778823 prime?
True
Is 49073863 composite?
False
Is 3168691093 prime?
True
Is 31524938461 a composite number?
True
Is 174099280757 composite?
False
Is 117760588879 composite?
False
Is 114401340263 a composite number?
True
Is 1675252433 prime?
False
Is 1524301067 a prime number?
False
Is 1408030531 composite?
False
Is 11496458317 a prime number?
False
Is 257208773 a prime number?
True
Is 3405493471 prime?
True
Is 323692349647 a prime number?
True
Is 159454153 composite?
True
Is 3458992399 a prime number?
False
Is 943337869 a composite number?
True
Is 22216566569 a composite number?
True
Is 193563068